 -2) - 4
-2
-25 + (10 - -2) + -2 + 7
-8
What is the value of -29 + 24 + 1 + 2?
-2
-3 + 0 + 2 + 0
-1
Calculate -4 + 11 + -4 + -7 + 1.
-3
(-1 - -7) + (-1 - (11 - 9))
3
Evaluate 1 - 13 - -10 - (-2 + -8).
8
Evaluate (-1 - -4) + -2 + 1.
2
What is 2 - -1 - (-6 - -16 - 6)?
-1
-9 - -7 - (7 - 8)
-1
-1 + 9 - (10 + (-4 - 4))
6
Calculate 2 + -3 + (6 - 6).
-1
What is the value of 7 - -3 - (-5 + 2 + 8)?
5
Evaluate -7 - (1 - (4 + 1 + 0)).
-3
(-91 - -95) + (-1 - 9)
-6
0 + 2 - (4 - 12 - -6)
4
Evaluate 2 + 6 + 3 + -3 + -5.
3
What is (2 - 5) + 2 - (-7 + 1)?
5
(1 - -5) + -9 + 9
6
-2 + 2 - (-4 + 6)
-2
(3 - 6) + 14 - (23 - 20)
8
Evaluate 4 - (0 + (-11 - -7)).
8
Evaluate 6 - (4 + -1 - (-7 + 4)).
0
-15 - -13 - ((4 - 5) + -8)
7
Evaluate 5 + -4 + 4 - (0 + 4).
1
What is 0 + 0 + 1 + 3 + -4?
0
Evaluate -43 + 36 + 0 + -1 - -6.
-2
What is the value of -1 + (-7 - (-3 - 10))?
5
What is 3 - ((-2 + 0 - 3) + 1)?
7
What is the value of -30 - -32 - (7 + -3)?
-2
Evaluate 0 - (-1 + (-6 - -2 - -5)).
0
4 + (-8 - (7 + -14))
3
-11 - (-5 + 2) - -4
-4
What is (-4 - -2) + 3 + -2?
-1
What is the value of 1 - (4 - (3 + -5 + 5))?
0
What is the value of 2 - -4 - (-6 + 4 + 3)?
5
Calculate -6 - (-3 + 3 + -1).
-5
Evaluate (-9 - -2) + -1 + 2.
-6
Evaluate -1 - (9 - 4) - (-3 - 8).
5
Evaluate 0 + -2 + (4 - 12) + 5.
-5
Calculate (7 - (-1 - -4)) + 6.
10
0 + -1 - (-5 - -2)
2
What is the value of (4 - 3) + -3 + (-1 - -2)?
-1
Calculate 7 + (-1 - 9) + -3.
-6
Evaluate 5 + -3 + 0 - 6.
-4
What is 4 + (-4 - -4) + -7 + 3?
0
1 - (1 + (2 - -1)) - -2
-1
What is the value of 1 - (4 + (8 - 15))?
4
What is the value of 5 - (-2 + (15 - 6))?
-2
Calculate 8 + (-16 - -12 - 6).
-2
Evaluate -4 + -1 - (9 + (2 - 7)).
-9
Evaluate 107 + -107 - (1 + -8).
7
What is 6 + (0 - (5 - 0) - 2)?
-1
What is -44 - -40 - (1 - 0)?
-5
What is -6 + 5 + 1 - 3?
-3
-3 - (3 - (-4 + 5)) - -12
7
52 - 55 - (-8 - 1)
6
What is the value of 12 - 8 - (-5 + 0)?
9
Evaluate -2 + 3 + -3 + -3.
-5
What is 6 + -8 + (1 - -2)?
1
Evaluate -9 - (-2 - 0) - (-10 + 5).
-2
(-4 - -8) + -5 + -5
-6
What is 8 + 7 + 8 + -15?
8
Evaluate -1 + 0 + (2 - (2 + -4)).
3
(-1 + 0 - -8) + (0 - 3)
4
Calculate (-6 - 0) + (-2 - -1).
-7
What is the value of 1 + -3 + (-19 - -22)?
1
1 + -3 - (0 - 7)
5
What is the value of 3 + -2 + (0 - (-1 - 1))?
3
What is -4 + -2 - ((1 - -3) + -5)?
-5
Calculate (-1 - (6 + -2) - -5) + -7.
-7
What is the value of 0 - -2 - (-45 - -40)?
7
What is 60 + -66 + 5 + 0?
-1
Evaluate 4 + -12 - -14 - 6.
0
4 - (2 + 4 - (-1 + 0))
-3
Calculate -3 + 1 + 4 + 3.
5
What is (-6 + 8 - 7) + -1 + 6?
0
(-7 - (-2 - 6)) + -5 + 9
5
Calculate -3 - -1 - (3 - 4).
-1
What is the value of (6 - (-3 + 9)) + -5?
-5
Evaluate (-2 - (0 - (3 - -5))) + -2.
4
What is the value of 7 + (0 - 0) + -1 + -1?
5
What is the value of -2 + 0 + -9 + 8?
-3
Calculate 6 - (12 - (-8 - -17)).
3
What is 2 - (1 + -6 + 31 + -28)?
4
Calculate 2 + -1 + 1 + 6 - 3.
5
Calculate -11 + (3 - (7 - (6 - -3))).
-6
Evaluate -4 + (2 - 0) + 2 + 0.
0
What is the value of -3 - (-8 - -10) - (4 + 2)?
-11
2 + 0 + -1 - 3
-2
What is (30 - 28) + (-2 - 1)?
-1
What is (4 + -2 - -1) + -2 - 4?
-3
(2 - -2) + 4 + -9 + 4
3
Evaluate -2 + (-3 - 3) - -4.
-4
Calculate (6 - (19 - 6)) + 9 - 3.
-1
Evaluate 7 + (2 - (5 - (-3 + 3))).
4
What is 1 - 5 - (-6 - (5 - 10))?
-3
Evaluate -5 + -2 - (0 - 3).
-4
Evaluate 3 + (-1 - (5 + (-3 - 0))).
0
Calculate -2 + 7 + -1 + (-3 - -2).
3
(2 - 2) + -9 + 6
-3
Calculate (-17 - (-6 + -7)) + 11 + 1.
8
Evaluate (13 - 1 - 5) + (2 - 4).
5
What is the value of (7 - 0) + 0 + -5?
2
Calculate -8 - -1 - (-15 + 13).
-5
What is the value of -1 + (6 - 5) - (1 - 1)?
0
Evaluate (2 - 5 - 0) + 22 + -25.
-6
Evaluate -1 + -2 + 2 + (20 - 15).
4
What is 7 + 4 + (-1 - (-7 + 11))?
6
What is the value of -4 - (3 - (12 - (-1 + 4)))?
2
Evaluate 1 + -4 + -1 + 0.
-4
What is the value of (-6 - -3) + 1 + (-15 - -12)?
-5
What is -5 + 9 + -1 - (2 - -1)?
0
What is the value of (-4 + -10 - -18) + -13?
-9
What is -2 + 0 + (11 - 6) + -2?
1
6 + (3 - 6) - (-7 - -8)
2
What is the value of -3 + 2 + -1 + 3 + -2?
-1
What is 5 + (-1 - (-6 - -3)) - 3?
4
Calculate 8 + -31 + (10 - -3).
-10
-11 - (-3 - (-7 - -12))
-3
Calculate 7 + (-18 - (-24 - -13)).
0
What is (5 - (1 - -2)) + -6?
-4
What is the value of 7 - (0 - 3) - 0?
10
Evaluate -12 - -7 - 0 - -5.
0
(-8 - 1) + -28 + 35
-2
Evaluate 4 + (-3 - (-4 - (3 - 1))).
7
What is the value of 16 - 24 - ((2 - 1) + -5)?
-4
Evaluate 1 + 1 - (-8 + 12).
-2
Calculate (-2 + 0 - -1) + (41 - 43).
-3
What is 0 + (12 - 5 - 6) + 0?
1
What is the value of (-6 - -4 - -3) + -2?
-1
What is the value of 2 + -11 - (-29 - -29)?
-9
(1 - -4) + (-6 - 0)
-1
What is 0 + -2 + -3 + 6?
1
-2 + (2 - (-2 - (3 - -2)))
7
5 + -4 + 7 + -6 - 9
-7
Evaluate 7 + -13 + -1 + 1 + 4.
-2
Evaluate -3 - (1 + (3 - 5)) - -2.
0
Calculate (-10 - -6) + (8 - 3 - 3).
-2
(-1 - 0) + (3 - -23) + -31
-6
Calculate 5 - (6 - 5 - -4).
0
Evaluate -24 + 24 + (-1 - 0).
-1
What is 1 + (6 - 3) + 1 + -2?
3
-21 + 10 - 2 - -20
7
(-3 + 6 - -2) + -1
4
What is the value of -4 + 14 + 0 + -5 + -9?
-4
What is the value of 5 + -6 + 1 + 0 + -6?
-6
What is -58 + 54 - (0 - (6 - -2))?
4
What is (-6 - -1) + 22 + (-1 - 12)?
4
-14 - ((-5 - 3) + 1 - -2)
-9
Calculate 7 - ((11 - 2) + -9).
7
(-15 - -12 - (-2 - -2)) + 7
4
Evaluate -1 + 5 + -4 + 0 - -2.
2
What is 4 + 6 + (17 - 27)?
0
Evaluate -3 + 1 - (-4 + 5 + -1).
-2
Calculate -12 + 13 - (0 + 3).
-2
Calculate (-2 - (-6 + 5)) + 1.
0
Calculate -8 - (2 + 3 + -25 + 2).
10
Calculate (-1 - (2 + -1)) + 4 + -7.
-5
Evaluate 1 - (5 - 4 - -3) - -5.
2
-2 + (-5 - (-6 + 2))
-3
Calculate (-29 - -22) + (2 - -3).
-2
Calculate 5 + -2 + (3 - 8).
-2
Evaluate (-2 - -5 - 6) + -4 + 6.
-1
What is the value of (-14 - -4 - -15) + -9?
-4
Calculate 7 + -4 + 2 + 0 + -1.
4
What is (-4 - -2) + -7 + 14?
5
What is the value of 1 - (6 - 4) - -5?
4
Evaluate -3 - 1 - (15 - 15).
-4
What is 9 + -3 - 6 - (0 + 2)?
-2
(-5 - (-3 - 12)) + -17
-7
7 + (3 - (16 - 8))
2
What is the value of 2 - 7 - (-5 - (-3 - -1))?
-2
What is -26 + 26 + -1 + 1?
0
What is the value of 1 + 0 + 11 + (75 - 83)?
4
(4 - (1 - 2 - -1)) + -2
2
What is the value of (-2 + -13 - -10) + -1?
-6
What is the value of 11 - (5 - (-4 - -4))?
6
Calculate -4 + (-1 - (2 + -2)).
-5
Calculate -1 + (15 - 14 - (0 - 1)).
1
Calculate 1 + -1 - (-1 + 1 - -4).
-4
What is the value of -4 + (3 - 1) - -7?
5
What is the value of 4 + 1 - 6 - (1 + -9)?
7
Evaluate -4 + (16 - 12) + 2 + -1.
1
What is the value of -2 - (-1 + 3 + -1 + 3)?
-6
What is the value of 0 - (-5 + 9) - -5?
1
Evaluate -4 + 3 + 5 - (6 - 4).
2
What is the value of 1 - (1 - -1 - -1)?
-2
8 - (9 - 5 - -2)
2
Calculate 0 - -4 - 8 - -9.
5
What is -7 - (-5 + 2) - -9?
5
Evaluate (11 - (-1 + 2)) + (15 - 22).
3
What is the value of 1 + 1 - (5 + -4)?
1
Evaluate 21 + 13 + -15 - 12.
7
Calculate (3 - -4) + -9 - -3.
1
What is (0 + -4 - (6 - 9)) + 4?
3
What is 0 - -5 - (-7 - -22)?
-10
What is the value of 2 - (-3 - -2) - (9 - 5)?
-1
What is the value of 2 - (0 + -1 + 14 + -13)?
2
-16 - (-13 + -4 + 9)
-8
Evaluate -5 - (-1 - -1) - (1 + -5).
-1
2 + (3 + 6 + -1 - 1)
9
(-5 - (-5 - -2)) + 6
4
9 - ((13 - 4) + -2)
2
Evaluate 1 + -5 - (0 + 10 + -6).
-8
Evaluate 0 + 4 + -2 - (6 - 6).
2
What is (-8 - (-3 + -4)) + (3 - 1)?
1
What is the value of (-5 - 1) + 4 + 0?
-2
Calculate 5 - 4 - (0 - 0) - 2.
-1
What is the value of -4 + (-16 - -4 - -13)?
-3
-3 + 2 + -1 + 2 - -5
5
Evaluate 2 + 0 + (-5 - (2 + -3)).
-2
Calculate 148 + -146 + (-1 - -7).
8
Evaluate 12 - (-7 + -2 - -18).
3
Evaluate 6 + -6 - (-4 + 5 - -1).
-2
Calculate 0 - (4 - (5 + -1 + -4)).
-4
What is the value of -4 - -1 - (-3 - 7 - -11)?
-4
What is the value of 0 - ((-1 - -2) + 3)?
-4
-4 + 1 + (-5 - (1 + -5))
-4
Evaluate -1 + 1 + (10 - 6).
4
What is the value of (-4 + 13 + -4 - -2) + 3?
10
Evaluate (-15 - -16) + -1 + -2 + 1.
-1
What is the value of 8 - (0 + 7 + -4 + 3)?
2
Evaluate (1 - -4 - 11 - -15) + -7.
2
Calculate 2 + 0 + 0 + 1 + -3.
0
What is (-3 - -4) + -1 - 4?
-4
What is 4 + (4 - 4 - 4) + 1?
1
Calculate 0 - (-2 - -5) - (1 + -1).
-3
2 - 10 - -2 - (-6 - 8)
8
Evaluate 2 + -3 + (-6 - -2) + 6.
1
Evaluate (-2 - -1) + 2 - -4.
5
Calculate -5 + 2 - (-4 + 3 + -1).
-1
What is the value of 34 + -33 + (1 - (7 - 1))?
-4
(0 - (1 + -2)) + 8 + -12
-3
What is the value of (3 - 1) + -5 - -8?
5
-14 + 15 + (1 - -1)
3
What is the value of 1 + -8 + 6 + -5?
-6
What is the v